0, -4*h = 3*b - 803. What are the prime factors of b?
269
Suppose 7*f + 2*s = 6*f + 142, 0 = -3*f + s + 398. List the prime factors of f.
2, 67
Suppose r - 5*r + 216 = 0. Let n = r - 38. List the prime factors of n.
2
Suppose 0 = -2*r + 7*r - 45. List the prime factors of r.
3
Let i = 49 + 15. List the prime factors of i.
2
Let h = 7 + -3. Suppose -4*m = h*o - 28, -2*o - 5*m = -4*o - 21. List the prime factors of 3 - 1/2*o.
2
Let g(q) = q**2 + 2. Let h be (4/3)/(5/15). Suppose h*c + 14 = -2. What are the prime factors of g(c)?
2, 3
Let v = 378 - 165. List the prime factors of v.
3, 71
Let u be -3 + 1 + 2/(-2). Suppose -5*a - 48 = -2*f - 1, -2*f + 4*a = -42. Let r = u + f. What are the prime factors of r?
2
Let r = 153 + -80. What are the prime factors of r?
73
Let d = 27 + -12. List the prime factors of d.
3, 5
Suppose h - 10 + 3 = 0. Let b = h - 2. Suppose -b*u - s + 15 + 12 = 0, -3*u + 5*s + 5 = 0. List the prime factors of u.
5
Let a = -207 + 367. What are the prime factors of a?
2, 5
Suppose 9 = 2*v + 3. Let f(r) = -r + 3. Let n be f(-4). Let x = n + v. List the prime factors of x.
2, 5
Suppose -3*z = -5*z + 8. Suppose a + 4*c - 21 = 0, -2*a = c - z*c - 20. List the prime factors of a.
13
Suppose -22*k + 21*k + 4 = 0. What are the prime factors of k?
2
Suppose 0 = -2*z + v + 10, 25 = 4*z - 4*v + 1. Suppose -z*h + 2*h = -4. List the prime factors of h.
2
Let x be 2 - -4 - (-3 - -1). Suppose 0*c + x = 2*c. Suppose 21 = -2*o + 5*o - 3*v, 10 = c*o + 5*v. What are the prime factors of o?
5
Let m = -5 - -7. Let b(g) = -m*g + 3*g + 2 + 10. List the prime factors of b(0).
2, 3
What are the prime factors of 2/(-7) + 5/70*1222?
3, 29
Let o be (-4)/(-6)*(2 + 1). Suppose k = o*k - 25. Suppose 2*b - 7 - k = 0. List the prime factors of b.
2
What are the prime factors of 19 + (-1 - (-6)/2)?
3, 7
Let x(m) = -8 - 4*m + m + m. Let k be x(-8). What are the prime factors of (-3)/2*k/(-6)?
2
Let k be 2 - 1 - (-2 + -2). Suppose -2 = -2*h + h, 4*h + 52 = k*v. List the prime factors of v.
2, 3
What are the prime factors of 3/(-21)*2 + (-1516)/(-14)?
2, 3
Let k = 5 - -21. What are the prime factors of k?
2, 13
Suppose 2*x - 91 = -35. What are the prime factors of x?
2, 7
Suppose -4*a - 12 = 4*j, -j = -a + 1 - 0. Let o be (-2)/(-2*a/(-2)). Suppose -4*h - i = -2*i - 29, 3*h + o*i = 8. List the prime factors of h.
2, 3
Suppose -298 = -2*p - 70. Let y = -75 + p. List the prime factors of y.
3, 13
Let d be (-18)/(-6)*(-2)/6. Let j = 2 - d. Suppose 3*z - t + 1 = -6*t, 4*t = j*z - 44. List the prime factors of z.
2
Let m(f) be the first derivative of f**4/4 + 2*f**3 - 5*f**2/2 + 4*f + 5. What are the prime factors of m(-6)?
2, 17
Suppose 0 = k - 4*k + 249. What are the prime factors of k?
83
Let x(a) = -a**3 + 8*a**2 - 5*a + 3. List the prime factors of x(5).
53
Let x(b) = b**2 + 7*b + 3. Let l be x(-7). Suppose -w - k = -20, -5*w + l*k + k + 127 = 0. What are the prime factors of w?
23
Let g be (-1)/4 - (-62)/(-8). List the prime factors of (4/3)/(g/(-36)).
2, 3
Let o be 16/(-10) + (-14)/35. Let b = o + 4. What are the prime factors of b?
2
Let s be (-7 - -5) + (1 - -1). Suppose s*n = n + 4. Let l = n + 7. What are the prime factors of l?
3
Let h = 13 - -15. List the prime factors of h.
2, 7
Suppose 5*u = 3*u - 14. Let s = u - -12. Suppose 2*d - 7 = -j, -d + s*j - 19 = -3*d. What are the prime factors of d?
2
Let o(r) = -r**3 + 7*r**2 + 3*r - 11. Let l be o(8). Let w = -18 - l. List the prime factors of w.
3, 11
Suppose -5*l = -5*k + 105, 27 = 5*l + 7. What are the prime factors of k?
5
What are the prime factors of 3/(-7) + (-822)/(-7)?
3, 13
Suppose 4*s + 5*d = -98, -4*s = 2*d + 49 + 55. Let p = -3 - s. What are the prime factors of p?
2, 3
Let d(p) = -p**3 + p**2 + 11. Let u(m) be the first derivative of m**4/4 + 4*m**3/3 + m**2 - 3*m - 2. Let i be u(-3). What are the prime factors of d(i)?
11
Let o = 2 - 1. Let b be 30/8 + (-18)/24. Suppose b = 2*t - o. What are the prime factors of t?
2
List the prime factors of ((-23)/(-46))/(1/26).
13
Suppose -5*q + q + 4 = 0. Suppose -3 - q = d. Let x = -2 - d. List the prime factors of x.
2
Let w(a) = a**2 + 4*a. Let d be w(-4). Suppose -3*y + 3*m + 2*m + 29 = d, y - 23 = 5*m. List the prime factors of 28/y + 2/3.
2, 5
Let y = -16 - -21. Suppose -5*g - y*t - 13 + 103 = 0, -3*t - 56 = -2*g. List the prime factors of g.
2, 11
Suppose d = -5*g - 20, -2*d + 0*g + 5*g = -20. Let q(f) be the first derivative of f**3/3 + 9*f + 3. List the prime factors of q(d).
3
Suppose 5 = 4*d - 7. Suppose 0 = -2*x - 5*c + 51, 6*x = d*x + 4*c + 19. List the prime factors of x.
13
Suppose -4*a = -5*a + 60. What are the prime factors of a?
2, 3, 5
Let l = 6 - 4. Suppose -c = -0*c - l. List the prime factors of c.
2
Let p = -16 - -39. List the prime factors of p.
23
Let h be 1/(-2) - 28/(-8). Suppose 80 = l + h*l. List the prime factors of 0 + 1 + l/2.
11
Let d = -15 + 17. Suppose -1 = o - 3*u, 2*o - d = 5*u + 1. What are the prime factors of o?
2, 7
Let l = 4 + -2. Suppose 3*c = -0*c + 5*f + 23, l*f + 2 = 0. List the prime factors of c.
2, 3
Suppose 0 = -3*d + 4*h - 46, -5*d + 2*h + 54 = 140. Let u = d + 41. List the prime factors of u.
23
Let l = 3 + 0. Let z be (112/(-6))/(-2)*(-18)/(-12). Let g = z - l. List the prime factors of g.
11
Let m(o) = -o**2 - 7*o + 6. Let p be m(-7). Suppose -u - 90 = -p*u. Suppose 4*r - u = 14. What are the prime factors of r?
2
Suppose 2*f + 3*i - 5 = -23, -5*f - 91 = -4*i. Let p = -11 - f. Suppose -p*s + 40 = 4. What are the prime factors of s?
3
Let s(b) = -2*b**3 - 2*b - 1. Let d be 1 - (-1 - -2) - -1. Suppose 0 = 2*u + d + 1. What are the prime factors of s(u)?
3
Let s(f) = f**3 - 7*f**2 + 4*f - 8. List the prime factors of s(7).
2, 5
Suppose -2*w - w - 12 = 0. Let x be (6/4)/((-3)/w). Suppose -5*y + 78 = x*i + 28, -4*y + 58 = -2*i. What are the prime factors of y?
2, 3
Suppose 0 = 4*k + 2*p - 222, -2*k - 2*p + 3*p + 109 = 0. What are the prime factors of k?
5, 11
Suppose -137 = -4*x + 91. List the prime factors of x.
3, 19
Let z be 7 + (-1 - (-2 - -2)). Suppose 5*l - 11 = 4*v - 3, -2*v + 3*l = z. List the prime factors of (1/v)/(1/6).
2
Let t(p) = -p**3 - 5*p**2 - 2*p + 3. What are the prime factors of t(-5)?
13
Let p be (-25)/5 + (-1 - -1). Let f = 1 - p. What are the prime factors of f?
2, 3
Suppose 0 = -4*o - 5*j - 4, -4*o - 36 = -3*j. Suppose m + 67 = -5*p, -4*p + m = -8*p - 54. Let g = o - p. What are the prime factors of g?
7
Suppose 0*f = -f + 10. Let r(x) = -14*x**3 - x - 1. Let c be r(-1). Let d = c - f. List the prime factors of d.
2
Let d(n) be the first derivative of -2*n**2 + 1. What are the prime factors of d(-4)?
2
List the prime factors of (5 + (-20)/(-8))*(-280)/(-6).
2, 5, 7
Suppose -7*m + 195 = -92. List the prime factors of m.
41
Suppose -3*t - t = -3*v + 359, -4*v - t = -466. Suppose r - 4*r = -v. What are the prime factors of r?
3, 13
What are the prime factors of -6 + (3 - 0) + (3 - -131)?
131
Suppose -5*i + 4*i - 2*n = 0, 2*n = 2*i - 12. Let k be (-6)/i*4/2. What are the prime factors of (k + 2)*(0 + -2)?
2
Suppose -2*z + 48 = -0*z. What are the prime factors of z?
2, 3
Suppose 4*l + 65 = -2*y - l, -4*y - 100 = 4*l. Let h be (-7)/((-70)/(-12))*y. Suppose -a = -5*v - 4 + h, -a + 4*v = 15. List the prime factors of a.
5
Let k(f) = -2*f + 8*f**2 + f**3 - 3 - 3*f**2 - 7 + 3. Let w be k(-5). Suppose -w*u = -2*u - 10. List the prime factors of u.
2, 5
Suppose 4*z - 3*z + 9 = 0. Let v(p) = p**2 + p + 2. Let l(k) = -k**2 - 2*k - 1. Let r(w) = -7*l(w) - 6*v(w). List the prime factors of r(z).
2
Let b = 1 - -3. Let m be (-138)/(-7) - b/(-14). Suppose 0 = -4*u - 20, -3*u + 1 - m = -s. List the prime factors of s.
2
Let t be (-108)/(-10)*60/24. Let u = t - 0. List the prime factors of u.
3
Let i be (-1)/((-2)/(-4)) + 3. Let u = i - -7. What are the prime factors of u?
2
Let j = 16 + -23. Let c(g) be the first derivative of -g**2/2 + 2*g + 1. What are the prime factors of c(j)?
3
Let z = 10 + 50. What are the prime factors of z?
2, 3, 5
Suppose -2*o = 6*o - 552. List the prime factors of o.
3, 23
Let f(z) = z**3 - 4*z**2 + 3*z + 1. Suppose -6*t = -t - 20. Let p be f(t). Suppose y - p = -4. List the prime factors of y.
3
Let c be (-6)/(-3) - 2 - -42. Suppose -q + 6*q - 93 = -a, 2*a - c = -2*q. What